19
Let c(b) = 6*b**3 + 79*b**2 + 10*b - 14. Calculate c(-13).
25
Let t(b) = -29*b + 952. Give t(26).
198
Let k(p) = -3589*p - 32308. What is k(-9)?
-7
Let q(w) = -72*w**2 + 454*w + 18. Determine q(7).
-332
Let a(j) = -420*j - 10932. Calculate a(-26).
-12
Let o(x) = x**2 + 181*x + 1550. Calculate o(-9).
2
Let v(b) = -b**3 + 12*b**2 - 17*b + 40. Give v(10).
70
Let r(q) = -9*q**2 + 1269*q + 1280. Determine r(142).
2
Let k(u) = 6469*u + 51734. Calculate k(-8).
-18
Let f(g) = -g**3 + 21*g**2 - 59*g + 369. Give f(19).
-30
Let h(k) = -k**3 - k**2 + 27*k + 23. Give h(5).
8
Let x(p) = -2*p**3 - 55*p**2 - 76*p + 42. Determine x(-26).
-10
Let k(j) = 7*j**2 + 53*j + 128. What is k(-4)?
28
Let o(m) = -m**2 + 121*m + 3. What is o(0)?
3
Let b(i) = 3*i**3 - 112*i**2 + 240*i + 152. Determine b(35).
-23
Let j(o) = -25*o - 495. What is j(-14)?
-145
Let z(m) = -37*m - 78. Give z(-2).
-4
Let w(j) = -6*j**2 - 197*j + 784. Determine w(4).
-100
Let o(u) = -7*u**3 + 55*u**2 - 56*u + 449. Calculate o(8).
-63
Let s(i) = i**3 - 5*i**2 - 4*i + 11. Calculate s(5).
-9
Let k(v) = 28*v**2 + 58*v + 34. Determine k(-1).
4
Let p(s) = s**2 - 77*s - 939. What is p(-11)?
29
Let b(w) = -w**3 + 6*w**2 - 34*w + 15. Determine b(6).
-189
Let q(s) = 63*s - 926. What is q(16)?
82
Let o(r) = r**3 - 11*r**2 + 8*r + 21. Calculate o(11).
109
Let y(o) = -167*o - 29. What is y(-1)?
138
Let j(h) = -h**2 + 260*h - 15443. Determine j(92).
13
Let x(f) = 19*f**2 - 37*f - 3. What is x(2)?
-1
Let k(w) = -2283*w**2 + 2. Calculate k(0).
2
Let b(s) = s**2 - 3815*s + 19067. Calculate b(5).
17
Let k(j) = -2*j**2 - 7*j + 102. Determine k(-9).
3
Let x(t) = -t**3 + 9*t**2 - 22*t + 35. Calculate x(4).
27
Let s(r) = -r**2 + 393*r + 2398. What is s(-6)?
4
Let k(m) = -1770*m + 5312. Give k(3).
2
Let i(z) = 208*z - 45933. Calculate i(221).
35
Let v(b) = -b**3 - 28*b**2 - 190*b + 97. Give v(-15).
22
Let v(r) = r**3 + 3*r**2 - 4*r + 28. Calculate v(-8).
-260
Let p(h) = 70*h - 270. Give p(3).
-60
Let n(o) = -3*o**2 + 16*o + 20. Calculate n(-8).
-300
Let a(i) = -i**2 + 570*i + 24398. Give a(-40).
-2
Let b(z) = z**3 - 12*z**2 - 1052*z + 22. Determine b(-27).
-5
Let y(z) = 3*z - 176. Determine y(15).
-131
Let v(m) = m**2 + 74*m - 224. Calculate v(-77).
7
Let a(j) = 397*j**3 - 2*j**2 + 3*j - 2. Determine a(1).
396
Let f(x) = -14*x - 454. Calculate f(-35).
36
Let z(x) = 18*x**3 + 12*x - 29. What is z(2)?
139
Let i(t) = -55*t - 1546. Determine i(-28).
-6
Let i(a) = 8*a - 219. Calculate i(29).
13
Let j(u) = -10*u**2 - 350*u + 366. Calculate j(-36).
6
Let r(s) = 2*s**2 + 39*s - 24343. Give r(101).
-2
Let q(z) = -249*z + 2998. What is q(12)?
10
Let y(b) = 180*b + 1265. Calculate y(-7).
5
Let z(l) = 112*l + 1566. Calculate z(-17).
-338
Let n(f) = 722*f + 2169. Calculate n(-3).
3
Let m(q) = 149*q**2 - 8*q - 6. Determine m(-1).
151
Let n(j) = j**3 + 15*j**2 - 25*j - 166. Determine n(-16).
-22
Let u(j) = 2*j**3 + 24*j**2 + 12*j - 26. Give u(-11).
84
Let j(s) = -21*s**2 - 141*s + 140. Give j(1).
-22
Let j(m) = m**2 + 80*m + 1669. Determine j(-44).
85
Let r(c) = -c**3 - 23*c**2 - 60*c - 5. Give r(-11).
-797
Let w(a) = -3*a**3 + 104*a**2 - 27*a - 80. What is w(34)?
1314
Let f(n) = -5*n - 277. Calculate f(-55).
-2
Let u(n) = 194*n + 967. Determine u(-5).
-3
Let i(g) = -2*g**3 - 34*g**2 + 45*g - 61. Determine i(-18).
-223
Let p(j) = -j**3 - 42*j**2 + 1080*j - 5. Calculate p(-60).
-5
Let g(u) = -9*u**2 + 141*u - 132. What is g(13)?
180
Let m(z) = 171*z**3 + z**2. Determine m(-1).
-170
Let s(d) = 12*d - 230. Give s(13).
-74
Let b(l) = -41*l - 1136. What is b(-27)?
-29
Let z(k) = -29*k**2 + 7*k - 6. Calculate z(0).
-6
Let b(m) = 3*m**2 + 30*m - 126. What is b(-13)?
-9
Let d(s) = 532*s + 2677. What is d(-5)?
17
Let y(b) = b**3 - 59*b**2 - 23*b - 2212. What is y(60)?
8
Let s(l) = 18*l - 51. Give s(19).
291
Let b(l) = -l**2 + 35*l - 378. Calculate b(10).
-128
Let n(b) = -11*b - 192. Calculate n(-23).
61
Let a(f) = -54*f - 61. Determine a(3).
-223
Let i(g) = 19*g - 233. Calculate i(12).
-5
Let t(w) = -4*w**3 - 4*w**2 + 50*w - 75. What is t(3)?
-69
Let m(w) = 1775*w - 7094. What is m(4)?
6
Let i(k) = -k**3 + 5*k**2 + 6*k - 41. Determine i(8).
-185
Let c(t) = 3*t**2 + 154*t - 984. Determine c(6).
48
Let b(o) = -457*o - 1814. Calculate b(-4).
14
Let p(x) = 3*x**3 - 102*x**2 + 4*x - 110. Determine p(34).
26
Let s(m) = -m**2 - 6*m + 24322. What is s(153)?
-5
Let h(q) = 20*q**3 + 13*q - 3. Calculate h(2).
183
Let c(n) = -327*n - 46111. Give c(-141).
-4
Let l(i) = -i**2 + 12*i + 36. Determine l(16).
-28
Let p(b) = 37*b + 431. Determine p(-11).
24
Let y(k) = -177*k + 2317. Determine y(13).
16
Let a(q) = 156*q + 1868. Determine a(-12).
-4
Let k(m) = -m - 96. Give k(-26).
-70
Let z(b) = 2*b**2 - 1129*b - 7961. Give z(-7).
40
Let g(t) = t**3 + 12*t**2 + 2*t - 9. Determine g(-5).
156
Let u(l) = -563*l - 120478. Calculate u(-214).
4
Let f(j) = 114*j - 15. Determine f(-1).
-129
Let m(t) = 2*t**3 - 26*t**2 - 2*t + 21. Determine m(13).
-5
Let d(c) = -88*c**2 - 3606*c + 95. What is d(-41)?
13
Let u(q) = -15*q**2 + 513*q + 974. Calculate u(36).
2
Let m(r) = -2*r**2 - 10*r + 54. Give m(-8).
6
Let r(v) = 3*v**2 - 161*v - 327. What is r(-2)?
7
Let n(h) = -h**2 + 21*h + 64. What is n(16)?
144
Let p(x) = -75*x - 2324. Calculate p(-31).
1
Let g(z) = 68*z + 528. Give g(-8).
-16
Let q(b) = -87*b - 352. Calculate q(-5).
83
Let w(n) = -5*n**3 + 200*n**2 + n - 33. Give w(40).
7
Let p(r) = -r**3 + 28*r**2 - 110*r - 99. What is p(23)?
16
Let n(o) = 103*o + 1239. Calculate n(-12).
3
Let q(k) = 2297*k - 4539. Determine q(2).
55
Let m(b) = -b**2 + 34*b - 146. Determine m(4).
-26
Let q(n) = -3*n - 63. Calculate q(-22).
3
Let r(w) = -w**3 + 17*w**2 - 43*w + 119. Give r(15).
-76
Let a(z) = 5325*z - 31951. What is a(6)?
-1
Let x(u) = 33*u + 329. What is x(-10)?
-1
Let o(d) = 1415*d + 8498. Determine o(-6).
8
Let h(f) = 67*f - 214. Determine h(3).
-13
Let i(p) = 2*p**2 - 53*p + 475. Determine i(26).
449
Let c(l) = -l**3 + 8*l**2 + 3*l + 2. What is c(6)?
92
Let o(a) = -2*a**2 + 40*a - 311. Calculate o(9).
-113
Let v(j) = -3762*j - 52672. Calculate v(-14).
-4
Let u(t) = -t**2 - 625*t - 49918. Determine u(-94).
-4
Let u(v) = 31*v**2 + 128*v - 655. Determine u(3).
8
Let j(c) = c**2 - 33*c + 116. Calculate j(6).
-46
Let z(p) = p**3 - 43*p**2 + 91*p - 339. What is z(41)?
30
Let f(g) = 2*g**3 - 14*g**2 + 33*g - 33. Determine f(3).
-6
Let k(q) = 2506*q - 72681. Determine k(29).
-7
Let x(n) = -n**3 - 3*n**2 + 64*n + 101. Calculate x(-7).
-151
Let k(z) = -8*z**2 - 68*z + 67. Determine k(1).
-9
Let v(u) = 1500*u - 59993. What is v(40)?
7
Let a(t) = t**2 + 5*t + 17. Give a(-5).
17
Let f(g) = -9*g**2 + 177*g - 819. Determine f(12).
9
Let y(j) = 1734*j - 22551. Determine y(13).
-9
Let c(p) = -114*p + 4986. What is c(44)?
-30
Let d(g) = g**3 + 91*g**2 + 186*g + 714. Calculate d(-89).
2
Let r(g) = g**3 - 11*g**2 - 315*g - 40. Give r(-13).
-1
Let g(h) = 593*h - 5342. Determine g(9).
-5
Let x(m) = -654*m - 3927. What is x(-6)?
-3
Let h(t) = t**2 + 97*t + 1552. Calculate h(-56).
-744
Let y(x) = -x**2 - 13*x + 203. Determine y(-11).
225
Let v(x) = -2*x**3 - 2*x**2 + 2*x + 19. Give v(-3).
49
Let c(w) = 24*w - 263. What is c(11)?
1
Let p(m) = m**3 - 80*m**2 + 84*m - 408. Calculate p(79).
-13
Let l(u) = -u**2 - 16*u + 14. Calculate l(-16).
14
Let h(n) = 6*n**3 + 52*n**2 - 37*n - 199. What is h(-9)?
-28
Let z(n) = -7*n**2 + 70*n + 522. What is z(-8)?
-486
Let q(f) = -2*f**2 + 52*f - 307. Give q(9).
-1
Let o(x) = x**2 - x - 217. Give o(-14).
-7
Let r(i) = 336*i + 370. Determine r(-1).
34
Let m(v) = 41*v + 26. Give m(0).
26
Let v(h) = -80*h - 1325. Calculate v(-16).
-45
Let q(r) = 4*r**2 + 41*r + 102. Give q(-7).
11
Let d(g) = 114*g + 961. Calculate d(-8).
49
Let d(x) = -4*x**2 + 54*x - 35. What is d(12)?
37
Let m(x) = 2*x**2 - 1377*x + 28036. What is m(21)?
1
Let r(l) = -l**3 + 11*l**2 + 27*l - 5. Calculate r(13).
8
Let p(l) = 103*l - 17442. Calculate p(169).
-35
Let x(z) = z**3 + 18*z**2 + 29*z + 69. Determine x(-18).
-453
Let y(w) = 63*w**3 + 11*w**2 - 9*w. Give y(1).
65
Let f(s) = 150*s + 9848. Give f(-66).
-52
Let h(q) = -2*q**2 + 16*q + 428. Give h(-11).
10
Let u(z) = 14*z**2 - 84*z - 762. What is u(-5)?
8
Let r(l) = 1085*l + 9711. Determine r(-9).
-54
Let y(z) = -23*z + 43. Give y(4).
-49
Let 